ulate 2 - -3 - (-5 + 3 - (-37 + 30)).
0
-1 - -62 - (-58 + 15 - (34 + -68))
70
(10 - (56 + -33 - (11 + 2))) + -4
-4
What is 1 - 15 - (3 - (1 + -13 - -43))?
14
38 - 43 - (24 - 1) - (6 - -2)
-36
Evaluate 1 + 23 + (28 - 13 - 2).
37
0 + -1 + 5 - (3 - 22 - -1)
22
Evaluate (-27 - -56) + (-31 - 12).
-14
(-33 - -16) + -34 + 26
-25
Evaluate -10 + (11 - (34 - 34 - -23)) + 0 + -6.
-28
Calculate 66 + 9 - (-59 - -99).
35
Calculate 0 - -60 - (-10 + -14 + 36 + -21).
69
What is the value of 82 + 1 - (16 + -6 + (-34 - (-3 - 16)))?
88
Evaluate (-16 + 17 - 10) + (6 + -3 - (-2 - 28)).
24
What is the value of (-4 - 5) + ((26 - 12) + -2 - 12) - 0?
-9
What is the value of (4 - 14) + (48 - (44 - -7)) + (-1 - -67)?
53
What is -5 - 79 - (-9 + -138)?
63
Calculate (-2061 - -2035) + (23 - -1).
-2
Calculate 27 - (46 + 19 + -38 - 31).
31
-14 - -3 - (156 + -10 + -185)
28
What is 2 + -15 + (-22 - -43 - -5) - 10?
3
Calculate 4 + 3 + (8 - -22 - (12 - -1)).
24
Calculate -71 - (-5 + (34 + -13 - 44)).
-43
Calculate 59 - (-19 + 57 + 2).
19
What is -26 + (-23 - 12) + -15 - -27?
-49
Evaluate (581 - 217) + -320 + (-5 + -1 - 1).
37
Evaluate (-28 - (54 - 55)) + 5.
-22
Evaluate 43 - (9 - (1 - 3)) - (11 + 1).
20
Calculate (-5 + 6 - -5) + (-66 - (-8 + -7)).
-45
-238 + 100 + 80 + -10
-68
What is the value of ((28 - 2) + 27 - 27) + -10 + 1?
17
What is the value of 9 + 25 + (-31 + -1 - 2)?
0
What is the value of 0 - 15 - ((-20 - -30) + -8)?
-17
What is 6 + (4 - (-16 + 19)) + 23 + -2 + 1?
29
Calculate (1 - -13) + (-10 - (3 + -9 + -12 - 2)).
24
40 - (-6 + -16 + 15 + 10 - 3)
40
Calculate -16287 + 16294 + -3 + (-2 - (2 - 0 - -69)).
-69
What is 40 - (2 - -16 - (-6 - -19) - 3)?
38
What is (4 - -21 - 21) + (-4 - (-13 + -4))?
17
Evaluate 1 + (1 - 13 - -1) + -7 + 0 + 4.
-13
Calculate -10 + (-6 + 6 - (-45 + 31)).
4
What is the value of 39 + (-49 + 8 - -40)?
38
Calculate 1499 + -1529 + (2 - (-11 + (0 - 0)) - -2).
-15
Calculate 98 - (220 - 71) - -22.
-29
What is 25 + -6 + -66 + 154 + -59?
48
What is the value of (-9 - -9) + -4 + (14 + -20 - (-2 + 3))?
-11
(93 - -1) + 10 + (58 - 95)
67
-8 + (-13 - (2 - 12)) + 3 + -6
-14
2 + -3 - (11 + -13) - 13 - -36
24
(-4 - 3) + (25 - 0) + (160 - 160)
18
Calculate (1 - 0 - 81 - (-6 - -6)) + (-2555 - -2559).
-76
Evaluate (2 - 0) + 3 - (-63 + 39 + 3).
26
Calculate -1 - (2 - 0 - 4) - (67 - 1 - 29).
-36
What is 50 + -12 + (0 + 7 - (-9 - (7 + -20)))?
41
Calculate -7 - (25 + (6 - (6 + -3) - 19)).
-16
Evaluate 73 + -6 - (-65 + 141).
-9
-8 + (-1 + -9 - (7 + (-8 - 108) + 11))
80
Evaluate (-3 - -41) + 107 + -50 - (-4 + 2 - -1).
96
What is -1 - (13 + (38 - (4 + 8))) - -10?
-30
Evaluate 10 + (-22 - (-27 + 43) - (0 + 14)).
-42
(1 - (-7 - 14)) + -14
8
Calculate -14 - -3 - 2 - (-2 + -20) - (1 - 10).
18
Calculate 1 + 29 - (-1461 - -1450).
41
Calculate ((-7 - 3) + -9 - (-17 - (-2 + -11))) + -5.
-20
What is -105 - -14 - -82 - (-2 + -55 + (-3 - -6))?
45
What is 108 - (26 + -23 - (-13 + (7 - 0) + 14))?
113
What is -25 + -11 - -32 - (-4 + 45 - -2 - 6)?
-41
What is -103 - (-15 + -63 - -56)?
-81
What is (0 - 9 - (-3 + -1)) + -8 + 25 + -24?
-12
What is the value of 2 + 5 - (0 + (-7 - -20))?
-6
What is the value of (-141 - (-34 - (-39 - -32))) + 22?
-92
(-81 - (0 - 33) - -22) + 116
90
Evaluate 9 - (-34 + (-16 - -41)).
18
Calculate 1 + (-1 - (7 + -10) - 13 - -6) - 11.
-15
What is -15 + 2 + (-20 - (-21 + 3)) + 114?
99
What is the value of 17 - ((11 + 6 - 29) + 80)?
-51
What is the value of -6 + 145 + -108 + 16 + 58?
105
What is the value of -1 + -2 + (6 - 1) + 15 + -135 + 17?
-101
Calculate (-10 - -4) + 240 + -107.
127
What is 48 + (-120 - (5 + -79))?
2
0 + 3 - (191 - 176) - -18 - (-1 + -13)
20
Evaluate -17 + 33 + -47 + 25.
-6
34 + (5 + 14 - (6 - -34))
13
Calculate 296 + -344 - (-5 + -55).
12
5324 + -5276 - (47 + -2)
3
-92 + 126 - (1 - -1) - (10 + -2 + 2)
22
Evaluate 28 - (-100 + 0) - 173.
-45
10 - 6 - 46 - ((1 - (-11 + 22)) + 11)
-43
What is -8 + -3 - -14 - -8 - 42?
-31
26 + 35 - (319 - 207)
-51
(0 - 4 - -4) + (-1 - (12 - 27)) + -48
-34
What is -2 + 7 + (-41 + -21 - (0 - 2))?
-55
What is (2 + (-4 - -3) - (-102 - -84)) + (1 - -7)?
27
What is the value of -34 - (-19 + (1 - (-14 + (0 - -8))))?
-22
What is -581 - -605 - (-2 + 2)?
24
Evaluate (-306 - -303 - (-52 + 0)) + -5.
44
Evaluate (-11 - 0) + 6 + -10 + 6 - (46 + -58).
3
What is the value of -46 - (-73 + 50 - 6)?
-17
What is the value of -1 - (-5 + -53 - -14 - 11 - (-3 + -6))?
45
What is the value of -11 + 48 + -47 + 52?
42
Evaluate (-6 - -15) + (2 - (-25 + -58)).
94
27 - (11 + 18 + 19)
-21
Calculate -29 + (4 + 1 - -10) - (1 + 3).
-18
18 - (5 + -7 - -8) - (41 + -38)
9
Evaluate 85 - (-2 - ((-13 - -15 - 6) + 6 + -3)).
86
Calculate 0 - -2 - (-9 + 29 - (-87 - -22) - -14).
-97
What is the value of -19 + 4 - -4 - (112 + -112)?
-11
Evaluate -11 + -71 - (582 - 551).
-113
54 + (-4 - -1) + (-6 - -6)
51
Evaluate 10 - ((28 + 1 - 18) + 1 + -21 - 4).
23
Calculate -6 - (87 + -46 - 49).
2
Evaluate -10 - (17 + -1 - (-57 - -74)) - -43.
34
What is the value of -224 - (22 + -92) - -107?
-47
Calculate 97 + -95 + 116 - 47.
71
What is 15 - (-59 - -35) - 38?
1
What is the value of 10 + 7 - (0 - -14 - -6)?
-3
Calculate 2 + (1 - 27) + 912 + -960.
-72
Calculate (1 + 2 - -4) + (-12 - (35 - 37)).
-3
Calculate (82 - 2) + (2 - (40 + -15)).
57
What is -41 - (-57 - -54) - -56?
18
What is 13 + -60 + 70 + 48?
71
Evaluate -44 + 30 - (-18 + 6 + 39).
-41
-12 + 19 + (-41 - -8) + (5 - -9)
-12
Calculate -40 + 64 + (-6 - -4) + -4 + 7.
25
What is -6 + -17 + 9 + 3 + -11 + -39 + 9?
-52
Calculate 47 - 44 - (-5 + 15) - 66.
-73
Calculate (10 - 13) + 7 + 12 + -50 + -11.
-45
-2 + (5 + 2 - -50) + (-44 - -45)
56
What is the value of -729 - -713 - (-46 - -3 - 3 - 5)?
35
Evaluate -86 - -114 - (-23 - -8).
43
What is the value of 43 + -29 + (18 + -9 - -13)?
36
Calculate -18 + (-26 - (-7 - 25)) + -2 + -3.
-17
Evaluate -4 - -4 - (2 - -2) - 4 - (-23 + 33).
-18
Evaluate (1 - 2) + -9 + 16220 + -16249.
-39
What is the value of -9 + -10 + (-28 - 5) + 16?
-36
What is the value of 4 + (-17 - -1) + (-4 - -3) - (-1 + 12)?
-24
Evaluate ((-22 - 1) + (-2 - -18) - 35) + 0.
-42
35 + (16 + -1 - 14) + 7
43
Calculate (-4 + 0 + 2 - -10) + (251 - 415) + 214.
58
(70 + 55 - 80) + -26 + 2
21
Calculate (3 - -1 - (-3 + -87)) + (-3 - -5).
96
What is the value of -2 - -102 - ((-20 - -8) + 26) - 9?
77
What is -70 - (-113 + 50) - (24 - (-2 - -4))?
-29
Calculate 6 - (2 - ((5 - (5 - -3)) + 5) - 33).
39
Evaluate -3 - 21 - (42 + -56 - -68).
-78
Calculate -9 + (312 - 360) + (2 - 1) + -4 + 8.
-52
Evaluate -17 + (7 - (-11 + 25) - -14) + 3.
-7
What is 209 + -231 - (7 - -11)?
-40
What is the value of 0 + 160 + -30 + 17 + (-24 - (4 + -26))?
145
4 - 28 - (8 - 48)
16
Calculate 6 - (-5 + (-9 - -16)) - (-18 + -6).
28
What is the value of 51 + -31 + 9 + -67?
-38
What is the value of -207 - -293 - (-8 + 5 - -20)?
69
(-1 - 1 - 0) + -6 - (-255 - (-364 + 120))
3
What is -1 + 3 + -64 - (53 + -76 + 10)?
-49
(-9 - -7) + (-23 - 1) + (-1 - -3)
-24
-8 + -17 + 46 - -19
40
Evaluate 23 + (14 - (103 + -53)).
-13
What is the value of -19 - (-19 + 35 + -47 + 12 + 11)?
-11
Evaluate (-34 + (4 - -46) - 53) + -21.
-58
What is 28 + -9 + 8 + -34 + 4?
-3
Calculate (-37 - -1) + -1121 + 1203 + -25.
21
Calculate 8 + 1 + 8 + (-5 + -12 + 21 - -23).
44
What is (4235 - 4224) + (70 - -3)?
84
What is the value of -4 + 0 + -2 + (-21 - (-53 + -26 - -12))?
40
11 - (-1 + 20 - (-13 - (-37 - -28)))
-12
Evaluate (136 - (82 - -128)) + 135.
61
What is -35 - (-161 + 177 + -8 + 0)?
-43
(32 - (4 - 3)) + (-1924 - -1889)
-4
1 + -1 + -92 - (-30 + (30 - 18))
-74
Calculate -147 - (-29 - 90) - 48.
-76
What is 6 - (7 + -21 + 4) - (13 + 0)?
3
Calculate (725 - 703) + -19 + -71.
-68
Evaluate -24 - (-206 + 245 - (0 + 68)).
5
Calculate -34 + 1 + (1666 - 1626) - (2 - (-38 - 0)).
-33
(-26 - 0) + -688 + 794
80
(3 + -91 - -124) + 78
114
What is the value of 74 + (7 - 1) + 1 + (-50 - -26)?
57
Calculate 7901 + -7878 - (0 + 1 - -66).
-44
What is the value of (866 - 755) + (2 - 46)?
67
Calculate -24 + 14 + (-36 - -30) + (1 - 96).
-111
What is -311 + 331 + 30 + (2 - -1) + 2?
55
What is 101 + (4 - 18 - -15) + 1 + 11 + 1?
115
-11 + (-5 - -2) - (-21 - (-24 - -25) - -32)
-24
-3 + 2 + -42 + 54 + -72 + 32
-29
Evaluate 52 + (65 - 78) - (1 + 25).
13
Calculate (-53 - -86) + (-2 + 10 - 0) - 5.
36
Calculate 1 - -42 